{"id":2,"date":"2021-12-20T11:46:06","date_gmt":"2021-12-20T10:46:06","guid":{"rendered":"https:\/\/dev.kindergaerten-obernburg.de\/sonnehuegel\/?page_id=2"},"modified":"2026-03-19T11:12:13","modified_gmt":"2026-03-19T10:12:13","slug":"start","status":"publish","type":"page","link":"https:\/\/kindergaerten-obernburg.de\/sonnenhuegel\/","title":{"rendered":"Willkommen in der KiTa Sonnenh\u00fcgel"},"content":{"rendered":"\n<div class=\"wp-block-columns is-layout-flex wp-container-core-columns-is-layout-9d6595d7 wp-block-columns-is-layout-flex\">\n<div class=\"wp-block-column is-layout-flow wp-block-column-is-layout-flow\" style=\"flex-basis:66.66%\">\n<h1 class=\"wp-block-heading\">Willkommen in der KiTa Sonnenh\u00fcgel &amp; Waldwichtel<\/h1>\n<\/div>\n\n\n\n<div class=\"wp-block-column is-layout-flow wp-block-column-is-layout-flow\" style=\"flex-basis:33.33%\"><\/div>\n<\/div>\n\n\n\n<div class=\"wp-block-columns is-layout-flex wp-container-core-columns-is-layout-9d6595d7 wp-block-columns-is-layout-flex\">\n<div class=\"wp-block-column is-layout-flow wp-block-column-is-layout-flow\" style=\"flex-basis:66.66%\">\n<figure class=\"wp-block-gallery has-nested-images columns-default is-cropped wp-block-gallery-1 is-layout-flex wp-block-gallery-is-layout-flex\">\n<figure class=\"wp-block-image size-full\"><img loading=\"lazy\" decoding=\"async\" width=\"1340\" height=\"500\" data-id=\"176\" src=\"https:\/\/kindergaerten-obernburg.de\/sonnenhuegel\/wp-content\/uploads\/sites\/4\/2024\/06\/Sonnenhuegel-Willkommen.jpg\" alt=\"\" class=\"wp-image-176\" srcset=\"https:\/\/kindergaerten-obernburg.de\/sonnenhuegel\/wp-content\/uploads\/sites\/4\/2024\/06\/Sonnenhuegel-Willkommen.jpg 1340w, https:\/\/kindergaerten-obernburg.de\/sonnenhuegel\/wp-content\/uploads\/sites\/4\/2024\/06\/Sonnenhuegel-Willkommen-300x112.jpg 300w, https:\/\/kindergaerten-obernburg.de\/sonnenhuegel\/wp-content\/uploads\/sites\/4\/2024\/06\/Sonnenhuegel-Willkommen-1024x382.jpg 1024w, https:\/\/kindergaerten-obernburg.de\/sonnenhuegel\/wp-content\/uploads\/sites\/4\/2024\/06\/Sonnenhuegel-Willkommen-768x287.jpg 768w\" sizes=\"auto, (max-width: 1340px) 100vw, 1340px\" \/><\/figure>\n<\/figure>\n<\/div>\n\n\n\n<div class=\"wp-block-column pad15 kontakt has-base-3-color has-obb-gruen-background-color has-text-color has-background is-layout-flow wp-block-column-is-layout-flow\" style=\"flex-basis:33.33%\">\n<div style=\"height:15px\" aria-hidden=\"true\" class=\"wp-block-spacer\"><\/div>\n\n\n\n<h2 class=\"wp-block-heading pad15 has-base-3-color has-text-color\">Kontakt<\/h2>\n\n\n\n<p class=\"pad15 has-base-3-color has-text-color\">M\u00f6mlingtalring 92<br>63785 Obernburg<br>Tel: <a href=\"tel:+4960225707\">06022-5707<\/a><br>E-Mail: <a href=\"mailto:sonnenhuegel@kita-obernburg.de\">sonnenhuegel@kita-obernburg.de<\/a><\/p>\n<\/div>\n<\/div>\n\n\n\n<div class=\"wp-block-columns is-layout-flex wp-container-core-columns-is-layout-9d6595d7 wp-block-columns-is-layout-flex\">\n<div class=\"wp-block-column is-layout-flow wp-block-column-is-layout-flow\" style=\"flex-basis:66.66%\">\n<h2 class=\"wp-block-heading\">Konzeptionelle Schwerpunkte<\/h2>\n\n\n\n<blockquote class=\"wp-block-quote is-layout-flow wp-block-quote-is-layout-flow\">\n<p>\u201eWeil unsere Kinder unsere einzige Verbindung zur<br>Zukunft sind, und weil sie die Schw\u00e4chsten sind,<br>geh\u00f6ren sie an die erste Stelle der Gesellschaft.\u201c<\/p>\n<cite>Olof Palme<\/cite><\/blockquote>\n\n\n\n<p>Unsere Kita soll ein Ort der Begegnung sein, an dem sich alle willkommen und wohl f\u00fchlen. Im gemeinsamen Miteinander ist uns Toleranz, Offenheit und ein wertsch\u00e4tzender Umgang wichtig.<br>Unsere p\u00e4dagogischen Fachkr\u00e4fte begleiten und f\u00f6rdern die Kinder altersgerecht in allen Lebens- und Lernbereichen. Dabei ist uns die Bildung und Betreuung in festen Gruppen wichtig.<\/p>\n\n\n\n<p>Wir sehen das Kind als individuelle Pers\u00f6nlichkeit, welches wir in seiner Entwicklung begleiten und ihm Zeit und Raum f\u00fcr die eigene Entfaltung geben. Grundvoraussetzung hierf\u00fcr ist ein wertsch\u00e4tzender<br>Umgang und eine vertrauensvolle Atmosph\u00e4re. F\u00f6rderung der Selbstst\u00e4ndigkeit sowie der sozial-emotionalen Kompetenzen steht dabei an erster Stelle. Geregelte Abl\u00e4ufe und Rituale schaffen Geborgenheit und Sicherheit.<\/p>\n\n\n\n<div class=\"wp-block-buttons is-layout-flex wp-block-buttons-is-layout-flex\">\n<div class=\"wp-block-button\"><a class=\"wp-block-button__link wp-element-button\" href=\"https:\/\/kindergaerten-obernburg.de\/sonnenhuegel\/paedagogische-arbeit\/\" style=\"border-radius:0px\">Erfahren Sie mehr \u00fcber unsere p\u00e4dagogische Arbeit&#8230;<\/a><\/div>\n<\/div>\n<\/div>\n\n\n\n<div class=\"wp-block-column is-layout-flow wp-block-column-is-layout-flow\" style=\"flex-basis:33.33%\">\n<h2 class=\"wp-block-heading\">\u00d6ffnungszeiten<\/h2>\n\n\n\n<figure class=\"wp-block-table\"><table><tbody><tr><td>Mo &#8211; Do<\/td><td>07:00 Uhr &#8211; 16:30 Uhr<\/td><\/tr><tr><td>Fr<\/td><td>07:00 Uhr &#8211; 15:00 Uhr<\/td><\/tr><\/tbody><\/table><\/figure>\n\n\n\n<h2 class=\"wp-block-heading\">Unser Angebot<\/h2>\n\n\n\n<ul class=\"wp-block-list\">\n<li>1 Krippengruppe:<br>&#8222;Erdpurzler&#8220;<br>(ab\u00a0 1 &#8211; 3 Jahre)<\/li>\n\n\n\n<li>4 Kindergartengruppen:<br>&#8222;Wiesenh\u00fcpfer&#8220;, &#8222;Honigbienen&#8220;, &#8222;Sonnenk\u00e4fer&#8220;, &#8222;Wetterfr\u00f6sche&#8220;<br>(2,5-6 Jahre)<\/li>\n\n\n\n<li>Waldwichtel (<a href=\"https:\/\/kindergaerten-obernburg.de\/sonnenhuegel\/wp-content\/uploads\/sites\/4\/2025\/01\/Waldwichtel_Flyer2025.pdf\" target=\"_blank\" rel=\"noreferrer noopener\">Info PDF<\/a>)<\/li>\n<\/ul>\n<\/div>\n<\/div>\n","protected":false},"excerpt":{"rendered":"<p>Willkommen in der KiTa Sonnenh\u00fcgel &amp; Waldwichtel Kontakt M\u00f6mlingtalring 9263785 ObernburgTel: 06022-5707E-Mail: sonnenhuegel@kita-obernburg.de Konzeptionelle Schwerpunkte \u201eWeil unsere Kinder unsere einzige Verbindung zurZukunft sind, und weil sie die Schw\u00e4chsten sind,geh\u00f6ren sie an die erste Stelle der Gesellschaft.\u201c Unsere Kita soll ein Ort der Begegnung sein, an dem sich alle willkommen und wohl f\u00fchlen. Im gemeinsamen Miteinander &#8230; <a title=\"Willkommen in der KiTa Sonnenh\u00fcgel\" class=\"read-more\" href=\"https:\/\/kindergaerten-obernburg.de\/sonnenhuegel\/\" aria-label=\"Mehr Informationen \u00fcber Willkommen in der KiTa Sonnenh\u00fcgel\">Weiterlesen<\/a><\/p>\n","protected":false},"author":1,"featured_media":0,"parent":0,"menu_order":0,"comment_status":"closed","ping_status":"closed","template":"","meta":{"footnotes":""},"class_list":["post-2","page","type-page","status-publish"],"_links":{"self":[{"href":"https:\/\/kindergaerten-obernburg.de\/sonnenhuegel\/wp-json\/wp\/v2\/pages\/2","targetHints":{"allow":["GET"]}}],"collection":[{"href":"https:\/\/kindergaerten-obernburg.de\/sonnenhuegel\/wp-json\/wp\/v2\/pages"}],"about":[{"href":"https:\/\/kindergaerten-obernburg.de\/sonnenhuegel\/wp-json\/wp\/v2\/types\/page"}],"author":[{"embeddable":true,"href":"https:\/\/kindergaerten-obernburg.de\/sonnenhuegel\/wp-json\/wp\/v2\/users\/1"}],"replies":[{"embeddable":true,"href":"https:\/\/kindergaerten-obernburg.de\/sonnenhuegel\/wp-json\/wp\/v2\/comments?post=2"}],"version-history":[{"count":30,"href":"https:\/\/kindergaerten-obernburg.de\/sonnenhuegel\/wp-json\/wp\/v2\/pages\/2\/revisions"}],"predecessor-version":[{"id":311,"href":"https:\/\/kindergaerten-obernburg.de\/sonnenhuegel\/wp-json\/wp\/v2\/pages\/2\/revisions\/311"}],"wp:attachment":[{"href":"https:\/\/kindergaerten-obernburg.de\/sonnenhuegel\/wp-json\/wp\/v2\/media?parent=2"}],"curies":[{"name":"wp","href":"https:\/\/api.w.org\/{rel}","templated":true}]}}